2 + -112022021?
-112011002
In base 14, what is 33dc + 1aaa?
50a8
In base 3, what is 10112 - 10002002100202?
-10002002020020
In base 12, what is 5 - -1633a6a3?
1633a6a8
In base 14, what is 34499 + 39?
344d4
In base 3, what is -210002022000011 - -10?
-210002022000001
In base 11, what is 0 + -10253a8?
-10253a8
In base 7, what is -256215 - 113645?
-403163
In base 15, what is 164112 + 4c8?
1645da
In base 3, what is 10 + 2220111001011?
2220111001021
In base 12, what is -1aa - 49117?
-49305
In base 15, what is -4062e43 - -3?
-4062e40
In base 2, what is -1 - 11001110110111100011?
-11001110110111100100
In base 5, what is 3024 + -12422210?
-12414131
In base 3, what is -101021010 + 122212110?
21121100
In base 9, what is 164486 - -1211?
165707
In base 15, what is 5243c + d1?
5251d
In base 2, what is 1010 - 1100101011001111111010100?
-1100101011001111111001010
In base 10, what is -3 + 15140609?
15140606
In base 10, what is -129545215 - -5?
-129545210
In base 4, what is -200111 + -231212?
-1031323
In base 12, what is 3 + -721aa18a?
-721aa187
In base 9, what is 3037046 - -31?
3037077
In base 9, what is -40416116 + 2?
-40416114
In base 7, what is 6005 - 102005?
-63000
In base 11, what is -64439 + 3?
-64436
In base 8, what is 11564172 - -34?
11564226
In base 10, what is 6 + 38700730?
38700736
In base 3, what is -20001220121 + -2122010?
-20011112201
In base 12, what is -1743ab - 946?
-175135
In base 7, what is 2001252 - -160?
2001442
In base 9, what is -1 - 727787?
-727788
In base 14, what is 1b04 - 44c?
1696
In base 6, what is 1031504452 + -3?
1031504445
In base 16, what is 7c81b + -54?
7c7c7
In base 5, what is 3044240112140 + -3?
3044240112132
In base 6, what is 2 - -1352044240?
1352044242
In base 11, what is -3737852 + -28?
-373787a
In base 2, what is -11101100101100100 - 11110?
-11101100110000010
In base 5, what is 0 - 201004423034?
-201004423034
In base 13, what is -41504a - 4?
-415051
In base 11, what is -629a418 + -4?
-629a421
In base 14, what is b5 + -59a18?
-59943
In base 12, what is 62 - -103b79?
10401b
In base 16, what is -e02 - 78cd0?
-79ad2
In base 10, what is -54777774 - -3?
-54777771
In base 13, what is 2 + 350724b?
3507250
In base 9, what is -6 - 688757568?
-688757575
In base 3, what is -11 + 10220002101020220?
10220002101020202
In base 10, what is 17773566 - -4?
17773570
In base 8, what is 407773 - -37?
410032
In base 16, what is -d6 - 3aafc?
-3abd2
In base 13, what is -453 - 356303?
-356756
In base 15, what is 128990e + 5?
1289914
In base 9, what is -4 + -288344?
-288348
In base 9, what is -3003 - 2585?
-5588
In base 7, what is 153 - -61050354?
61050540
In base 14, what is 9 - 36acd0?
-36acc5
In base 15, what is -12a93669 - 1?
-12a9366a
In base 9, what is -3 + 24057180?
24057176
In base 11, what is -1a565 - -1290?
-19285
In base 3, what is -101021021200222 + 12?
-101021021200210
In base 7, what is -203056212 + 5?
-203056204
In base 6, what is 13 - 103115524?
-103115511
In base 14, what is -168 + -2a28b?
-2a415
In base 15, what is 147bd - ee?
146be
In base 12, what is 10777 + 253?
10a0a
In base 12, what is 92a00162 - 3?
92a0015b
In base 7, what is 3445506 - -62?
3445601
In base 4, what is 30 - 1300221201201?
-1300221201111
In base 2, what is -1000100001011011 - 101010010110010?
-1101110100001101
In base 5, what is -102003412 - -4?
-102003403
In base 6, what is 254024 - 4550?
245034
In base 8, what is 14527232 - 22?
14527210
In base 16, what is -3 + -2c3496?
-2c3499
In base 16, what is -9ac - -20af6?
2014a
In base 13, what is -3b2a - -22?
-3b08
In base 10, what is 138772 - 3954?
134818
In base 15, what is 94092ec1 - 3?
94092ebd
In base 16, what is 6a99 + 61b?
70b4
In base 11, what is 37536948 - 5?
37536943
In base 16, what is 1863 - cf3?
b70
In base 15, what is -381d - 19d?
-39bb
In base 9, what is -4232613 - -1?
-4232612
In base 13, what is 15752 + 610?
16062
In base 2, what is 1110100011010111111100 + -100001?
1110100011010111011011
In base 8, what is 56302 + 135?
56437
In base 3, what is -101110210001201 + -11?
-101110210001212
In base 15, what is -4823 - 32?
-4855
In base 10, what is 5 - -50957106?
50957111
In base 8, what is -5 - 612360413?
-612360420
In base 10, what is -1004548 + 20?
-1004528
In base 13, what is -648c6a6 + 2?
-648c6a4
In base 10, what is -17454 - -20697?
3243
In base 4, what is -1000213 - -123312?
-210301
In base 16, what is d8eeb + -3e?
d8ead
In base 10, what is -11364866 - -35?
-11364831
In base 7, what is 4 - -1300200561?
1300200565
In base 8, what is 455743617 + 3?
455743622
In base 14, what is 7235c - 5?
72357
In base 16, what is 1 - 811988?
-811987
In base 15, what is -69 - 1202de?
-120358
In base 2, what is -11010000000000011000 - 10010?
-11010000000000101010
In base 15, what is -16d7477 + -3?
-16d747a
In base 8, what is -204250332 - 1?
-204250333
In base 4, what is -231 - 1200020021?
-1200020312
In base 14, what is -1a9 + 23d23?
23b58
In base 7, what is -322546 - -33622?
-255624
In base 6, what is 3 + 2250442212?
2250442215
In base 3, what is -11211022101 - 2221221?
-11221021022
In base 10, what is 158735059 + 2?
158735061
In base 4, what is -20203131 - -1021331?
-13121200
In base 11, what is -172 - -7791a0?
779029
In base 8, what is -1 + -124153132?
-124153133
In base 7, what is -4 - 105100546?
-105100553
In base 10, what is 317 - 3772242?
-3771925
In base 6, what is -23 + 5453552?
5453525
In base 16, what is -18f5df - -1d?
-18f5c2
In base 8, what is 25664 - -1755?
27641
In base 12, what is 1141979 + -1?
1141978
In base 14, what is 0 - 3107c4?
-3107c4
In base 3, what is -22101001112 - 1002?
-22101002121
In base 13, what is -1 + -640077?
-640078
In base 15, what is -241b0 + -1985?
-25b45
In base 10, what is 130907377 + 6?
130907383
In base 4, what is -1332 - -21021121322?
21021113330
In base 6, what is -1013140 + 5?
-1013131
In base 2, what is -1101001011111111110101110 - -10000?
-1101001011111111110011110
In base 3, what is -102010022220221 - 21?
-102010022221012
In base 3, what is 12 + -1201022000000?
-1201021222211
In base 7, what is 32653604 + -53?
32653521
In base 9, what is -1377838 - 5?
-1377844
In base 14, what is -2 + 11c0a09?
11c0a07
In base 10, what is 20 + -1997520?
-1997500
In base 14, what is 32450634 - 4?
32450630
In base 14, what is 1c39da4cc + 2?
1c39da4d0
In base 16, what is -3e3da - -43?
-3e397
In base 4, what is 31021212123 + 0?
31021212123
In base 3, what is 1200022220 + -110011?
1122212202
In base 9, what is 1547 - -147627?
150275
In base 7, what is 51460355 + 1?
51460356
In base 3, what is 211 + 11122202012100?
11122202020011
In base 2, what is 111100011110100101010 + 0?
111100011110100101010
In base 16, what is -ace0 + 2d7?
-aa09
In base 10, what is 4634 + -18?
4616
In base 15, what is bd50e - 41?
bd4bd
In base 8, what is 17444056 - 357?
17443477
In base 14, what is -498 - -968?
4b0
In base 14, what is -14b50b + -96?
-14b5a3
In base 13, what is 32 + -230c86b?
-230c839
In base 9, what is 150 + 6727056?
6727216
In base 12, what is 45 - -26997?
26a20
In base 4, what is -3 - 131321333001?
-131321333010
In base 5, what is -343 - 122203010?
-122203403
In base 3, what is 1 + 22022120200012?
22022120200020
In base 3, what is -1001002210 - -202002?
-1000100201
In base 3, what is -100 - -10121110122201?
10121110122101
In base 13, what is -10c88384 + -c?
-10c88393
In base 4, what is 103033 - 2002233?
-1233200
In base 16, what is 34bf + -2c?
3493
In base 16, what is bf6b + -8f?
bedc
In base 15, what is 2 + -3d6b50?
-3d6b4d
In base 10, what is 2 + -138067?
-138065
In base 13, what is 1b8cc57 + -15?
1b8cc42
In base 3, what is 1 + -12122221202101?
-12122221202100
In base 6, what is -2 + -3032340514?
-3032340520
In base 10, what is 23832 + -3935?
19897
In base 3, what is 1 + 2011102111001?
2011102111002
In base 12, what is -10 - 27132a5?
-27132b5
In base 13, what is -562c4 + 3a3?
-55c21
In base 14, what is -9a - 1364?
-1420
In base 5, what is -4113033140 + -2?
-4113033142
In base 5, what is 1232 - -2040400430?
2040402212
In base 2, what is 1001010001100010001001001 - 11?
1001010001100010001000110
In base 5, what is 4 + 32203330?
32203334
In base 2, what is 110100101011100011 + -1001100?
110100101010010111
In base 11, what is 1 + 6081052?
6081053
In base 13, what is -36 - 7130a2?
-713108
In base 3, wha